{"id":1863,"date":"2019-06-29T23:06:04","date_gmt":"2019-06-29T21:06:04","guid":{"rendered":"http:\/\/zsps.krakow.pl\/?page_id=1863"},"modified":"2025-06-28T00:13:57","modified_gmt":"2025-06-27T22:13:57","slug":"podreczniki-na-rok-szkolny-2025-2026","status":"publish","type":"page","link":"https:\/\/zsps.krakow.pl\/index.php\/podreczniki-na-rok-szkolny-2025-2026\/","title":{"rendered":"Podr\u0119czniki na rok szkolny 2025\/2026"},"content":{"rendered":"<p><img decoding=\"async\" loading=\"lazy\" class=\"aligncenter wp-image-1864 size-full\" src=\"https:\/\/zsps.krakow.pl\/wp-content\/uploads\/2019\/06\/school-2051712_960_720.jpg\" alt=\"\" width=\"960\" height=\"632\" srcset=\"https:\/\/zsps.krakow.pl\/wp-content\/uploads\/2019\/06\/school-2051712_960_720.jpg 960w, https:\/\/zsps.krakow.pl\/wp-content\/uploads\/2019\/06\/school-2051712_960_720-300x198.jpg 300w, https:\/\/zsps.krakow.pl\/wp-content\/uploads\/2019\/06\/school-2051712_960_720-768x506.jpg 768w\" sizes=\"(max-width: 960px) 100vw, 960px\" \/><\/p>\n<h2 style=\"text-align: center;\">\u00a0<\/h2>\n<h2 style=\"text-align: center;\"><strong>Technikum<\/strong><\/h2>\n<h2 style=\"text-align: center;\"><a href=\"https:\/\/zsps.krakow.pl\/wp-content\/uploads\/2025\/06\/ttz_podreczniki_2025_2026.pdf\">Technik technologii \u017cywno\u015bci<\/a><\/h2>\n<h2 style=\"text-align: center;\"><a href=\"https:\/\/zsps.krakow.pl\/wp-content\/uploads\/2025\/06\/tuk_podreczniki_2025_2026.pdf\">Technik us\u0142ug kelnerskich<\/a><\/h2>\n<h2 style=\"text-align: center;\"><a href=\"https:\/\/zsps.krakow.pl\/wp-content\/uploads\/2025\/06\/tziug_podreczniki_2025_2026.pdf\">Technik \u017cywienia i us\u0142ug gastronomicznych<\/a><\/h2>\n<h2 style=\"text-align: center;\"><strong>Bran\u017cowa Szko\u0142a I Stopnia<\/strong><\/h2>\n<h2 style=\"text-align: center;\"><a href=\"https:\/\/zsps.krakow.pl\/wp-content\/uploads\/2025\/06\/cukiernik_podreczniki_25_26.pdf\">Cukiernik<\/a><\/h2>\n<h2 style=\"text-align: center;\"><a href=\"https:\/\/zsps.krakow.pl\/wp-content\/uploads\/2025\/06\/kelner_podreczniki_25_26.pdf\">Kelner<\/a><\/h2>\n<h2 style=\"text-align: center;\"><a href=\"https:\/\/zsps.krakow.pl\/wp-content\/uploads\/2025\/06\/kuch_podreczniki_25_26.pdf\">Kucharz<\/a><\/h2>\n<h2 style=\"text-align: center;\"><a href=\"https:\/\/zsps.krakow.pl\/wp-content\/uploads\/2025\/06\/piekarz_podreczniki_25_26.pdf\">Piekarz<\/a><\/h2>\n<h2 style=\"text-align: center;\"><a href=\"https:\/\/zsps.krakow.pl\/wp-content\/uploads\/2025\/06\/przet_miesa_podreczniki_25_26.pdf\">Przetw\u00f3rca mi\u0119sa<\/a><\/h2>\n<h2 style=\"text-align: center;\"><strong>Liceum dla doros\u0142ych<\/strong><\/h2>\n<h2 style=\"text-align: center;\"><a href=\"https:\/\/zsps.krakow.pl\/wp-content\/uploads\/2025\/06\/lo-podreczniki-2025_2026.pdf\">Og\u00f3lnokszta\u0142c\u0105ce<\/a><\/h2>\n<h2 style=\"text-align: center;\">\u00a0<\/h2>\n\n","protected":false},"excerpt":{"rendered":"<p>\u00a0 Technikum Technik technologii \u017cywno\u015bci Technik us\u0142ug kelnerskich Technik \u017cywienia i us\u0142ug gastronomicznych Bran\u017cowa Szko\u0142a I Stopnia Cukiernik Kelner Kucharz Piekarz Przetw\u00f3rca mi\u0119sa Liceum dla doros\u0142ych Og\u00f3lnokszta\u0142c\u0105ce \u00a0<\/p>\n","protected":false},"author":2,"featured_media":0,"parent":0,"menu_order":0,"comment_status":"closed","ping_status":"closed","template":"","meta":{"footnotes":"","two_page_speed":[]},"jetpack_shortlink":"https:\/\/wp.me\/P9B38h-u3","_links":{"self":[{"href":"https:\/\/zsps.krakow.pl\/index.php\/wp-json\/wp\/v2\/pages\/1863"}],"collection":[{"href":"https:\/\/zsps.krakow.pl\/index.php\/wp-json\/wp\/v2\/pages"}],"about":[{"href":"https:\/\/zsps.krakow.pl\/index.php\/wp-json\/wp\/v2\/types\/page"}],"author":[{"embeddable":true,"href":"https:\/\/zsps.krakow.pl\/index.php\/wp-json\/wp\/v2\/users\/2"}],"replies":[{"embeddable":true,"href":"https:\/\/zsps.krakow.pl\/index.php\/wp-json\/wp\/v2\/comments?post=1863"}],"version-history":[{"count":12,"href":"https:\/\/zsps.krakow.pl\/index.php\/wp-json\/wp\/v2\/pages\/1863\/revisions"}],"predecessor-version":[{"id":5684,"href":"https:\/\/zsps.krakow.pl\/index.php\/wp-json\/wp\/v2\/pages\/1863\/revisions\/5684"}],"wp:attachment":[{"href":"https:\/\/zsps.krakow.pl\/index.php\/wp-json\/wp\/v2\/media?parent=1863"}],"curies":[{"name":"wp","href":"https:\/\/api.w.org\/{rel}","templated":true}]}}