{"id":2156,"date":"2020-03-27T09:56:58","date_gmt":"2020-03-27T08:56:58","guid":{"rendered":"http:\/\/zsps.krakow.pl\/?page_id=2156"},"modified":"2021-02-07T20:56:45","modified_gmt":"2021-02-07T19:56:45","slug":"branzowa-szkola-i-stopnia-nr-23","status":"publish","type":"page","link":"https:\/\/zsps.krakow.pl\/index.php\/branzowa-szkola-i-stopnia-nr-23\/","title":{"rendered":"<font color=#000000>Bran\u017cowa Szko\u0142a I stopnia Nr 23<\/font>"},"content":{"rendered":"<p><img decoding=\"async\" loading=\"lazy\" class=\"aligncenter wp-image-2609 size-full\" src=\"https:\/\/zsps.krakow.pl\/wp-content\/uploads\/2021\/02\/Zesp\u00f3\u0142-Szk\u00f3\u0142-Przemys\u0142u-Spo\u017cywczego-rekrutacja-\u2014-Bran\u017cowa-1.png\" alt=\"\" width=\"1500\" height=\"2000\" srcset=\"https:\/\/zsps.krakow.pl\/wp-content\/uploads\/2021\/02\/Zesp\u00f3\u0142-Szk\u00f3\u0142-Przemys\u0142u-Spo\u017cywczego-rekrutacja-\u2014-Bran\u017cowa-1.png 1500w, https:\/\/zsps.krakow.pl\/wp-content\/uploads\/2021\/02\/Zesp\u00f3\u0142-Szk\u00f3\u0142-Przemys\u0142u-Spo\u017cywczego-rekrutacja-\u2014-Bran\u017cowa-1-225x300.png 225w, https:\/\/zsps.krakow.pl\/wp-content\/uploads\/2021\/02\/Zesp\u00f3\u0142-Szk\u00f3\u0142-Przemys\u0142u-Spo\u017cywczego-rekrutacja-\u2014-Bran\u017cowa-1-768x1024.png 768w, https:\/\/zsps.krakow.pl\/wp-content\/uploads\/2021\/02\/Zesp\u00f3\u0142-Szk\u00f3\u0142-Przemys\u0142u-Spo\u017cywczego-rekrutacja-\u2014-Bran\u017cowa-1-781x1041.png 781w, https:\/\/zsps.krakow.pl\/wp-content\/uploads\/2021\/02\/Zesp\u00f3\u0142-Szk\u00f3\u0142-Przemys\u0142u-Spo\u017cywczego-rekrutacja-\u2014-Bran\u017cowa-1-600x800.png 600w\" sizes=\"(max-width: 1500px) 100vw, 1500px\" \/><\/p>\n<p><img decoding=\"async\" loading=\"lazy\" class=\"aligncenter wp-image-2610 size-full\" src=\"https:\/\/zsps.krakow.pl\/wp-content\/uploads\/2021\/02\/Zesp\u00f3\u0142-Szk\u00f3\u0142-Przemys\u0142u-Spo\u017cywczego-rekrutacja-\u2014-Bran\u017cowa-2.png\" alt=\"\" width=\"1500\" height=\"2000\" srcset=\"https:\/\/zsps.krakow.pl\/wp-content\/uploads\/2021\/02\/Zesp\u00f3\u0142-Szk\u00f3\u0142-Przemys\u0142u-Spo\u017cywczego-rekrutacja-\u2014-Bran\u017cowa-2.png 1500w, https:\/\/zsps.krakow.pl\/wp-content\/uploads\/2021\/02\/Zesp\u00f3\u0142-Szk\u00f3\u0142-Przemys\u0142u-Spo\u017cywczego-rekrutacja-\u2014-Bran\u017cowa-2-225x300.png 225w, https:\/\/zsps.krakow.pl\/wp-content\/uploads\/2021\/02\/Zesp\u00f3\u0142-Szk\u00f3\u0142-Przemys\u0142u-Spo\u017cywczego-rekrutacja-\u2014-Bran\u017cowa-2-768x1024.png 768w, https:\/\/zsps.krakow.pl\/wp-content\/uploads\/2021\/02\/Zesp\u00f3\u0142-Szk\u00f3\u0142-Przemys\u0142u-Spo\u017cywczego-rekrutacja-\u2014-Bran\u017cowa-2-781x1041.png 781w, https:\/\/zsps.krakow.pl\/wp-content\/uploads\/2021\/02\/Zesp\u00f3\u0142-Szk\u00f3\u0142-Przemys\u0142u-Spo\u017cywczego-rekrutacja-\u2014-Bran\u017cowa-2-600x800.png 600w\" sizes=\"(max-width: 1500px) 100vw, 1500px\" \/><\/p>\n<p>&nbsp;<\/p>\n","protected":false},"excerpt":{"rendered":"<p>&nbsp;<\/p>\n","protected":false},"author":2,"featured_media":0,"parent":0,"menu_order":0,"comment_status":"closed","ping_status":"closed","template":"","meta":{"footnotes":"","two_page_speed":[]},"jetpack_shortlink":"https:\/\/wp.me\/P9B38h-yM","_links":{"self":[{"href":"https:\/\/zsps.krakow.pl\/index.php\/wp-json\/wp\/v2\/pages\/2156"}],"collection":[{"href":"https:\/\/zsps.krakow.pl\/index.php\/wp-json\/wp\/v2\/pages"}],"about":[{"href":"https:\/\/zsps.krakow.pl\/index.php\/wp-json\/wp\/v2\/types\/page"}],"author":[{"embeddable":true,"href":"https:\/\/zsps.krakow.pl\/index.php\/wp-json\/wp\/v2\/users\/2"}],"replies":[{"embeddable":true,"href":"https:\/\/zsps.krakow.pl\/index.php\/wp-json\/wp\/v2\/comments?post=2156"}],"version-history":[{"count":8,"href":"https:\/\/zsps.krakow.pl\/index.php\/wp-json\/wp\/v2\/pages\/2156\/revisions"}],"predecessor-version":[{"id":2611,"href":"https:\/\/zsps.krakow.pl\/index.php\/wp-json\/wp\/v2\/pages\/2156\/revisions\/2611"}],"wp:attachment":[{"href":"https:\/\/zsps.krakow.pl\/index.php\/wp-json\/wp\/v2\/media?parent=2156"}],"curies":[{"name":"wp","href":"https:\/\/api.w.org\/{rel}","templated":true}]}}