{"id":35,"date":"2017-06-14T12:38:04","date_gmt":"2017-06-14T10:38:04","guid":{"rendered":"http:\/\/test.zsps.krakow.pl\/?page_id=35"},"modified":"2018-01-08T18:10:02","modified_gmt":"2018-01-08T17:10:02","slug":"rozklad-dzwonkow","status":"publish","type":"page","link":"https:\/\/zsps.krakow.pl\/index.php\/rozklad-dzwonkow\/","title":{"rendered":"Rozk\u0142ad dzwonk\u00f3w"},"content":{"rendered":"<h1 style=\"text-align: center;\">CZAS TRWANIA ZAJ\u0118\u0106 LEKCYJNYCH<\/h1>\n<h2 style=\"text-align: center;\">1.\u00a0\u00a0\u00a0\u00a0\u00a0 8.<sup>00<\/sup> \u2013 8.<sup>45<\/sup><\/h2>\n<h2 style=\"text-align: center;\">2.\u00a0\u00a0\u00a0\u00a0\u00a0 8.<sup>50<\/sup> \u2013 9.<sup>35<\/sup><\/h2>\n<h2 style=\"text-align: center;\">3.\u00a0\u00a0\u00a0\u00a0\u00a0 9.<sup>40<\/sup> \u2013 10.<sup>25<\/sup><\/h2>\n<h2 style=\"text-align: center;\">4.\u00a0\u00a0\u00a0\u00a0\u00a0 10.<sup>40<\/sup> \u2013 11.<sup>25<\/sup><\/h2>\n<h2 style=\"text-align: center;\">5.\u00a0\u00a0\u00a0\u00a0\u00a0 11.<sup>30<\/sup> \u2013 12.<sup>15<\/sup><\/h2>\n<h2 style=\"text-align: center;\">6.\u00a0\u00a0\u00a0\u00a0\u00a0 12.<sup>20<\/sup> \u2013 13.<sup>05<\/sup><\/h2>\n<h2 style=\"text-align: center;\">7.\u00a0\u00a0\u00a0\u00a0\u00a0 13.<sup>10<\/sup> \u2013 13.<sup>55<\/sup><\/h2>\n<h2 style=\"text-align: center;\">8.\u00a0\u00a0\u00a0\u00a0\u00a0 14.<sup>10<\/sup> \u2013 14.<sup>55<\/sup><\/h2>\n<h2 style=\"text-align: center;\">9.\u00a0\u00a0\u00a0\u00a0\u00a0 15.<sup>00<\/sup> \u2013 15.<sup>45<\/sup><\/h2>\n<h2 style=\"text-align: center;\">10.\u00a0\u00a0\u00a0 15.<sup>50<\/sup> \u2013 16.<sup>35<\/sup><\/h2>\n<p>&nbsp;<\/p>\n<h1 style=\"text-align: center;\">CZAS TRWANIA ZAJ\u0118\u0106 LEKCYJNYCH<\/h1>\n<h1 style=\"text-align: center;\">SKR\u00d3CONYCH DO 30 MINUT<\/h1>\n<h2 style=\"text-align: center;\">1.\u00a0\u00a0\u00a0\u00a0\u00a0 8.<sup>00<\/sup> \u2013 8.<sup>30<\/sup><\/h2>\n<h2 style=\"text-align: center;\">2.\u00a0\u00a0\u00a0\u00a0\u00a0 8.<sup>35<\/sup> \u2013 9.<sup>05<\/sup><\/h2>\n<h2 style=\"text-align: center;\">3.\u00a0\u00a0\u00a0\u00a0\u00a0 9.<sup>10<\/sup> \u2013 9.<sup>40<\/sup><\/h2>\n<h2 style=\"text-align: center;\">4.\u00a0\u00a0\u00a0\u00a0\u00a0 9.<sup>50<\/sup> \u2013 10.<sup>20<\/sup><\/h2>\n<h2 style=\"text-align: center;\">5.\u00a0\u00a0\u00a0\u00a0\u00a0 10.<sup>25<\/sup> \u2013 10.<sup>55<\/sup><\/h2>\n<h2 style=\"text-align: center;\">6.\u00a0\u00a0\u00a0\u00a0\u00a0 11.<sup>00<\/sup> \u2013 11.<sup>30<\/sup><\/h2>\n<h2 style=\"text-align: center;\">7.\u00a0\u00a0\u00a0\u00a0\u00a0 11.<sup>35<\/sup> \u2013 12.<sup>05<\/sup><\/h2>\n<h2 style=\"text-align: center;\">8.\u00a0\u00a0\u00a0\u00a0\u00a0 12.<sup>15<\/sup> \u2013 12.<sup>45<\/sup><\/h2>\n<h2 style=\"text-align: center;\">9.\u00a0\u00a0\u00a0\u00a0\u00a0 12.<sup>50<\/sup> \u2013 13.<sup>20<\/sup><\/h2>\n<h2 style=\"text-align: center;\">10.\u00a0\u00a0\u00a0 13.<sup>25<\/sup> \u2013 13.<sup>55<\/sup><\/h2>\n","protected":false},"excerpt":{"rendered":"<p>CZAS TRWANIA ZAJ\u0118\u0106 LEKCYJNYCH 1.\u00a0\u00a0\u00a0\u00a0\u00a0 8.00 \u2013 8.45 2.\u00a0\u00a0\u00a0\u00a0\u00a0 8.50 \u2013 9.35 3.\u00a0\u00a0\u00a0\u00a0\u00a0 9.40 \u2013 10.25 4.\u00a0\u00a0\u00a0\u00a0\u00a0 10.40 \u2013 11.25 5.\u00a0\u00a0\u00a0\u00a0\u00a0 11.30 \u2013 12.15 6.\u00a0\u00a0\u00a0\u00a0\u00a0 12.20 \u2013 13.05 7.\u00a0\u00a0\u00a0\u00a0\u00a0 13.10 \u2013 13.55 8.\u00a0\u00a0\u00a0\u00a0\u00a0 14.10 \u2013 14.55 9.\u00a0\u00a0\u00a0\u00a0\u00a0 15.00 \u2013 15.45 10.\u00a0\u00a0\u00a0 15.50 \u2013 16.35 &nbsp; CZAS TRWANIA ZAJ\u0118\u0106 LEKCYJNYCH SKR\u00d3CONYCH DO 30 MINUT 1.\u00a0\u00a0\u00a0\u00a0\u00a0 8.00&hellip;<\/p>\n","protected":false},"author":2,"featured_media":0,"parent":0,"menu_order":0,"comment_status":"closed","ping_status":"closed","template":"","meta":{"footnotes":"","two_page_speed":[]},"jetpack_shortlink":"https:\/\/wp.me\/P9B38h-z","_links":{"self":[{"href":"https:\/\/zsps.krakow.pl\/index.php\/wp-json\/wp\/v2\/pages\/35"}],"collection":[{"href":"https:\/\/zsps.krakow.pl\/index.php\/wp-json\/wp\/v2\/pages"}],"about":[{"href":"https:\/\/zsps.krakow.pl\/index.php\/wp-json\/wp\/v2\/types\/page"}],"author":[{"embeddable":true,"href":"https:\/\/zsps.krakow.pl\/index.php\/wp-json\/wp\/v2\/users\/2"}],"replies":[{"embeddable":true,"href":"https:\/\/zsps.krakow.pl\/index.php\/wp-json\/wp\/v2\/comments?post=35"}],"version-history":[{"count":11,"href":"https:\/\/zsps.krakow.pl\/index.php\/wp-json\/wp\/v2\/pages\/35\/revisions"}],"predecessor-version":[{"id":909,"href":"https:\/\/zsps.krakow.pl\/index.php\/wp-json\/wp\/v2\/pages\/35\/revisions\/909"}],"wp:attachment":[{"href":"https:\/\/zsps.krakow.pl\/index.php\/wp-json\/wp\/v2\/media?parent=35"}],"curies":[{"name":"wp","href":"https:\/\/api.w.org\/{rel}","templated":true}]}}